1785?
215
Calculate the remainder when 303586 is divided by 11243.
25
What is the remainder when 37868 is divided by 5?
3
Calculate the remainder when 59461 is divided by 9.
7
Calculate the remainder when 107155 is divided by 6697.
3
What is the remainder when 7998 is divided by 793?
68
Calculate the remainder when 77620 is divided by 53.
28
Calculate the remainder when 32047 is divided by 891.
862
Calculate the remainder when 26074 is divided by 12.
10
What is the remainder when 13004 is divided by 51?
50
What is the remainder when 512 is divided by 133?
113
Calculate the remainder when 3204 is divided by 716.
340
What is the remainder when 2595 is divided by 293?
251
Calculate the remainder when 113085 is divided by 64.
61
What is the remainder when 235466 is divided by 116?
102
Calculate the remainder when 848 is divided by 734.
114
What is the remainder when 25883 is divided by 2345?
88
Calculate the remainder when 615117 is divided by 60.
57
What is the remainder when 9937 is divided by 132?
37
What is the remainder when 69194 is divided by 6283?
81
What is the remainder when 6634 is divided by 1596?
250
What is the remainder when 22006 is divided by 75?
31
What is the remainder when 838 is divided by 636?
202
What is the remainder when 10072 is divided by 3354?
10
Calculate the remainder when 21963 is divided by 1459.
78
What is the remainder when 269989 is divided by 29?
28
What is the remainder when 140 is divided by 62?
16
Calculate the remainder when 14946 is divided by 202.
200
Calculate the remainder when 151219 is divided by 21.
19
Calculate the remainder when 2087 is divided by 340.
47
Calculate the remainder when 26879 is divided by 226.
211
Calculate the remainder when 243385 is divided by 62.
35
Calculate the remainder when 37869 is divided by 478.
107
Calculate the remainder when 42359 is divided by 30.
29
Calculate the remainder when 32335 is divided by 23.
20
Calculate the remainder when 105145 is divided by 97.
94
What is the remainder when 8659 is divided by 155?
134
What is the remainder when 1848 is divided by 85?
63
What is the remainder when 3013 is divided by 426?
31
Calculate the remainder when 56829 is divided by 353.
349
Calculate the remainder when 5831 is divided by 584.
575
Calculate the remainder when 5088 is divided by 2534.
20
What is the remainder when 386623 is divided by 25?
23
Calculate the remainder when 10103 is divided by 1157.
847
Calculate the remainder when 1110 is divided by 255.
90
Calculate the remainder when 11898 is divided by 1972.
66
What is the remainder when 51769 is divided by 257?
112
Calculate the remainder when 1506 is divided by 61.
42
What is the remainder when 59542 is divided by 50?
42
Calculate the remainder when 3039 is divided by 17.
13
What is the remainder when 254469 is divided by 45?
39
Calculate the remainder when 23155 is divided by 61.
36
Calculate the remainder when 6049 is divided by 5702.
347
What is the remainder when 1990182 is divided by 14?
12
What is the remainder when 1700 is divided by 657?
386
What is the remainder when 854 is divided by 567?
287
What is the remainder when 20402 is divided by 21?
11
What is the remainder when 350643 is divided by 4?
3
What is the remainder when 640330 is divided by 121?
119
Calculate the remainder when 26001 is divided by 741.
66
Calculate the remainder when 3179 is divided by 65.
59
Calculate the remainder when 2172 is divided by 821.
530
Calculate the remainder when 49643 is divided by 75.
68
Calculate the remainder when 284757 is divided by 1130.
1127
What is the remainder when 1447 is divided by 177?
31
Calculate the remainder when 3398 is divided by 312.
278
Calculate the remainder when 4190 is divided by 127.
126
What is the remainder when 2867 is divided by 1218?
431
Calculate the remainder when 23230 is divided by 30.
10
Calculate the remainder when 93 is divided by 81.
12
Calculate the remainder when 1326 is divided by 1081.
245
Calculate the remainder when 7153 is divided by 40.
33
What is the remainder when 33082 is divided by 947?
884
Calculate the remainder when 13275 is divided by 84.
3
Calculate the remainder when 4316773 is divided by 136.
133
Calculate the remainder when 294993 is divided by 205.
203
What is the remainder when 3288 is divided by 57?
39
What is the remainder when 2213 is divided by 116?
9
Calculate the remainder when 317576 is divided by 28868.
28
Calculate the remainder when 3112399 is divided by 251.
250
Calculate the remainder when 4353717 is divided by 1704.
1701
What is the remainder when 89469 is divided by 497?
9
Calculate the remainder when 562859 is divided by 106.
105
What is the remainder when 36933 is divided by 6152?
21
Calculate the remainder when 1737 is divided by 170.
37
Calculate the remainder when 3140 is divided by 68.
12
Calculate the remainder when 17471 is divided by 35.
6
What is the remainder when 799 is divided by 213?
160
Calculate the remainder when 510032 is divided by 311.
303
Calculate the remainder when 5849 is divided by 370.
299
What is the remainder when 167020 is divided by 584?
580
Calculate the remainder when 344734 is divided by 189.
187
What is the remainder when 6173 is divided by 494?
245
Calculate the remainder when 152131 is divided by 431.
419
What is the remainder when 145761 is divided by 2858?
3
What is the remainder when 52787 is divided by 80?
67
Calculate the remainder when 3093357 is divided by 120.
117
Calculate the remainder when 11587 is divided by 11300.
287
What is the remainder when 5497 is divided by 4449?
1048
What is the remainder when 3567 is divided by 3563?
4
Calculate the remainder when 8702 is divided by 2856.
134
Calculate the remainder when 735 is divided by 665.
70
What is the remainder when 920 is divided by 422?
76
Calculate the remainder when 2333 is divided by 29.
13
Calculate the remainder when 144601 is divided by 48200.
1
What is the remainder when 2141 is divided by 69?
2
What is the remainder when 1120 is divided by 300?
220
What is the remainder when 3377 is divided by 842?
9
Calculate the remainder when 12349 is divided by 3075.
49
What is the remainder when 84386 is divided by 29?
25
What is the remainder when 15760 is divided by 11?
8
Calculate the remainder when 354496 is divided by 100.
96
What is the remainder when 11647 is divided by 185?
177
What is the remainder when 36807 is divided by 429?
342
What is the remainder when 1499 is divided by 141?
89
Calculate the remainder when 2817 is divided by 127.
23
Calculate the remainder when 149887 is divided by 13.
10
What is the remainder when 252 is divided by 138?
114
Calculate the remainder when 2035 is divided by 718.
599
What is the remainder when 1013 is divided by 208?
181
Calculate the remainder when 15237 is divided by 5078.
3
What is the remainder when 1558 is divided by 816?
742
Calculate the remainder when 76172 is divided by 414.
410
What is the remainder when 39059 is divided by 11?
9
What is the remainder when 11636 is divided by 65?
1
What is the remainder when 3578 is divided by 81?
14
Calculate the remainder when 110715 is divided by 36904.
3
What is the remainder when 3475 is divided by 115?
25
What is the remainder when 1097 is divided by 450?
197
Calculate the remainder when 841 is divided by 59.
15
Calculate the remainder when 1573 is divided by 1553.
20
Calculate the remainder when 27857 is divided by 4641.
11
Calculate the remainder when 107053 is divided by 366.
181
What is the remainder when 78683 is divided by 78673?
10
What is the remainder when 531206 is divided by 28?
18
What is the remainder when 33449 is divided by 63?
59
Calculate the remainder when 12688 is divided by 1584.
16
Calculate the remainder when 183873 is divided by 796.
793
What is the remainder when 1535700 is divided by 776?
772
Calculate the remainder when 8596 is divided by 1782.
1468
Calculate the remainder when 19392 is divided by 19378.
14
Calculate the remainder when 8814 is divided by 255.
144
Calculate the remainder when 507 is divided by 24.
3
Calculate the remainder when 29128 is divided by 7279.
12
Calculate the remainder when 149283 is divided by 320.
163
What is the remainder when 3488 is divided by 1156?
20
Calculate the remainder when 2141 is divided 